{"id":886,"date":"2020-04-15T16:14:52","date_gmt":"2020-04-15T14:14:52","guid":{"rendered":"http:\/\/pleinairmalerei.yoruehmer.de\/wordpress\/?page_id=886"},"modified":"2020-08-29T13:36:15","modified_gmt":"2020-08-29T11:36:15","slug":"illustration","status":"publish","type":"page","link":"https:\/\/yoruehmer.de\/home\/illustration\/","title":{"rendered":"Illustration"},"content":{"rendered":"\n\n[et_pb_section fb_built=&#8221;1&#8243; custom_padding_last_edited=&#8221;on|desktop&#8221; admin_label=&#8221;Header illustration&#8221; _builder_version=&#8221;4.3.4&#8243; custom_margin=&#8221;||||false|false&#8221; custom_margin_tablet=&#8221;-80px||||false|false&#8221; custom_margin_phone=&#8221;-150px||||false|false&#8221; custom_margin_last_edited=&#8221;on|phone&#8221; custom_padding=&#8221;||||false|false&#8221; custom_padding_tablet=&#8221;&#8221; custom_padding_phone=&#8221;&#8221; hover_enabled=&#8221;0&#8243; global_module=&#8221;1379&#8243; saved_tabs=&#8221;all&#8221; disabled_on=&#8221;on|off|off&#8221;][et_pb_row _builder_version=&#8221;4.3.4&#8243; custom_margin=&#8221;||-100px||false|false&#8221;][et_pb_column type=&#8221;4_4&#8243; _builder_version=&#8221;4.3.4&#8243;][et_pb_image src=&#8221;http:\/\/yoruehmer.de\/wp-content\/uploads\/2020\/04\/Stift.jpg&#8221; url=&#8221;@ET-DC@eyJkeW5hbWljIjp0cnVlLCJjb250ZW50IjoicG9zdF9saW5rX3VybF9wYWdlIiwic2V0dGluZ3MiOnsicG9zdF9pZCI6IjIxIn19@&#8221; show_bottom_space=&#8221;off&#8221; align=&#8221;center&#8221; force_fullwidth=&#8221;on&#8221; admin_label=&#8221;Stift&#8221; _builder_version=&#8221;4.3.4&#8243; _dynamic_attributes=&#8221;url&#8221;][\/et_pb_image][et_pb_menu menu_id=&#8221;5&#8243; active_link_color=&#8221;#6b6b6b&#8221; admin_label=&#8221;Hauptmen\u00fc Illustration&#8221; _builder_version=&#8221;4.3.4&#8243; menu_font=&#8221;|600|||||||&#8221; menu_text_color=&#8221;#e09900&#8243; text_orientation=&#8221;right&#8221;][\/et_pb_menu][\/et_pb_column][\/et_pb_row][\/et_pb_section][et_pb_section fb_built=&#8221;1&#8243; _builder_version=&#8221;4.3.4&#8243; custom_margin=&#8221;-100px||||false|false&#8221; custom_margin_tablet=&#8221;-150px||||false|false&#8221; custom_margin_phone=&#8221;-150px||||false|false&#8221; custom_margin_last_edited=&#8221;on|phone&#8221;][et_pb_row _builder_version=&#8221;4.3.4&#8243; custom_padding=&#8221;150px|||||&#8221;][et_pb_column type=&#8221;4_4&#8243; _builder_version=&#8221;4.3.4&#8243;][et_pb_text _builder_version=&#8221;4.3.4&#8243;]<h1><a href=\"#english\"><\/a><\/h1>\n<h1>Willkommen auf meiner Illustrations-Seite!<\/h1>\n<div class=\"hide\">Hier zeige ich eine Auswahl meiner Illustrationen aus den letzten Jahren. Ich arbeite seit \u00fcber 20 Jahren als freie Illustratorin, und gleich zu Beginn illustrierte ich auschlie\u00dflich digital. Ich lege dabei aber viel Wert auf einen handgemachten Look und baue mir daf\u00fcr f\u00fcr jeden Job neue Pinselspitzen in Photoshop. So kann ich meinen Stil ganz den individuellen Kundenw\u00fcnschen anpassen, dadurch wird es auch f\u00fcr mich nie langeweilig.<\/p>\n<p><a href=\"#english\">english version<\/a><\/p>\n<p><\/div>\n\t<div class=\"exp-wrappper\">\n\t\t<span data-more=\"Mehr erfahren\" data-less=\"Text verbergen\" class=\"exp-button button background-taste \" style=\"\">Mehr erfahren<\/span>\n\t<\/div>[\/et_pb_text][\/et_pb_column][\/et_pb_row][et_pb_row _builder_version=&#8221;4.3.4&#8243;][et_pb_column type=&#8221;4_4&#8243; _builder_version=&#8221;4.3.4&#8243;][dss_masonry_gallery images=&#8221;1531,1563,1523,1569,1608,1445,1493,1586,1605,1610,1537,1521,1515&#8243; title_in_lightbox=&#8221;on&#8221; columns=&#8221;3&#8243; gutter=&#8221;30&#8243; use_overlay=&#8221;on&#8221; overlay_color=&#8221;rgba(0,0,0,0)&#8221; overlay_icon_color=&#8221;#ffffff&#8221; hover_icon=&#8221;%%51%%&#8221; use_thumbnails=&#8221;on&#8221; image_size_phone=&#8221;et-pb-image&#8211;responsive&#8211;phone&#8221; columns_tablet=&#8221;2&#8243; columns_phone=&#8221;1&#8243; columns_last_edited=&#8221;on|tablet&#8221; gutter_tablet=&#8221;15&#8243; gutter_phone=&#8221;&#8221; gutter_last_edited=&#8221;on|phone&#8221; _builder_version=&#8221;4.3.4&#8243;][\/dss_masonry_gallery][\/et_pb_column][\/et_pb_row][et_pb_row column_structure=&#8221;1_2,1_2&#8243; _builder_version=&#8221;4.3.4&#8243;][et_pb_column type=&#8221;1_2&#8243; _builder_version=&#8221;4.3.4&#8243;][et_pb_button button_url=&#8221;@ET-DC@eyJkeW5hbWljIjp0cnVlLCJjb250ZW50IjoicG9zdF9saW5rX3VybF9wYWdlIiwic2V0dGluZ3MiOnsicG9zdF9pZCI6IjIxIn19@&#8221; button_text=&#8221;@ET-DC@eyJkeW5hbWljIjp0cnVlLCJjb250ZW50IjoicG9zdF9saW5rIiwic2V0dGluZ3MiOnsiYmVmb3JlIjoiIiwiYWZ0ZXIiOiIiLCJ0ZXh0IjoicG9zdF90aXRsZSIsImN1c3RvbV90ZXh0IjoiIn19@&#8221; _builder_version=&#8221;4.3.4&#8243; _dynamic_attributes=&#8221;button_url,button_text&#8221; custom_button=&#8221;on&#8221; button_text_color=&#8221;#e09900&#8243; button_bg_color=&#8221;#ffffff&#8221; button_border_width=&#8221;0px&#8221; button_icon=&#8221;%%2%%&#8221; button_icon_color=&#8221;#e09900&#8243; button_icon_placement=&#8221;left&#8221; button_on_hover=&#8221;off&#8221;][\/et_pb_button][\/et_pb_column][et_pb_column type=&#8221;1_2&#8243; _builder_version=&#8221;4.3.4&#8243;][et_pb_button button_url=&#8221;@ET-DC@eyJkeW5hbWljIjp0cnVlLCJjb250ZW50IjoicG9zdF9saW5rX3VybF9wYWdlIiwic2V0dGluZ3MiOnsicG9zdF9pZCI6Ijg0In19@&#8221; button_text=&#8221;Portfolio&#8221; button_alignment=&#8221;right&#8221; _builder_version=&#8221;4.3.4&#8243; _dynamic_attributes=&#8221;button_url&#8221; custom_button=&#8221;on&#8221; button_text_color=&#8221;#e09900&#8243; button_bg_color=&#8221;#ffffff&#8221; button_border_width=&#8221;0px&#8221; button_icon=&#8221;%%3%%&#8221; button_icon_color=&#8221;#e09900&#8243; button_on_hover=&#8221;off&#8221;][\/et_pb_button][\/et_pb_column][\/et_pb_row][\/et_pb_section][et_pb_section fb_built=&#8221;1&#8243; module_id=&#8221;english&#8221; _builder_version=&#8221;4.3.4&#8243;][et_pb_row _builder_version=&#8221;4.3.4&#8243;][et_pb_column type=&#8221;4_4&#8243; _builder_version=&#8221;4.3.4&#8243;][et_pb_toggle title=&#8221;english version&#8221; open_toggle_text_color=&#8221;#e09900&#8243; open_toggle_background_color=&#8221;#ffffff&#8221; closed_toggle_background_color=&#8221;#ffffff&#8221; icon_color=&#8221;#e09900&#8243; _builder_version=&#8221;4.3.4&#8243; title_text_color=&#8221;#e09900&#8243; border_width_all=&#8221;0px&#8221;]<p>Here I show a selection of my illustrations from the last years. I have been working as a freelance illustrator for over 20 years, and right from the start I exclusively illustrated digitally. But I attach great importance to a handmade look and therefore I build new brushes in Photoshop for each job. So I can adapt my style completely to the individual customer&#8217;s requests, so it never gets boring for me.<\/p>[\/et_pb_toggle][\/et_pb_column][\/et_pb_row][\/et_pb_section]\n\n","protected":false},"excerpt":{"rendered":"<p>Willkommen auf meiner Illustrations-Seite! <div class=\"hide\"><\/div>\n\t<div class=\"exp-wrappper\">\n\t\t<span data-more=\"Mehr erfahren\" data-less=\"Text verbergen\" class=\"exp-button button background-taste \" style=\"\">Mehr erfahren<\/span>\n\t<\/div>Hier zeige ich eine Auswahl meiner Illustrationen aus den letzten Jahren. Ich arbeite seit \u00fcber 20 Jahren als freie Illustratorin, und gleich zu Beginn illustrierte ich auschlie\u00dflich digital. Ich lege dabei aber viel Wert auf einen handgemachten Look und baue mir daf\u00fcr f\u00fcr jeden Job neue Pinselspitzen in Photoshop. So kann [&hellip;]<\/p>\n","protected":false},"author":1,"featured_media":0,"parent":0,"menu_order":2,"comment_status":"closed","ping_status":"closed","template":"","meta":{"_et_pb_use_builder":"on","_et_pb_old_content":"","_et_gb_content_width":"","footnotes":""},"class_list":["post-886","page","type-page","status-publish","hentry"],"_links":{"self":[{"href":"https:\/\/yoruehmer.de\/home\/wp-json\/wp\/v2\/pages\/886","targetHints":{"allow":["GET"]}}],"collection":[{"href":"https:\/\/yoruehmer.de\/home\/wp-json\/wp\/v2\/pages"}],"about":[{"href":"https:\/\/yoruehmer.de\/home\/wp-json\/wp\/v2\/types\/page"}],"author":[{"embeddable":true,"href":"https:\/\/yoruehmer.de\/home\/wp-json\/wp\/v2\/users\/1"}],"replies":[{"embeddable":true,"href":"https:\/\/yoruehmer.de\/home\/wp-json\/wp\/v2\/comments?post=886"}],"version-history":[{"count":25,"href":"https:\/\/yoruehmer.de\/home\/wp-json\/wp\/v2\/pages\/886\/revisions"}],"predecessor-version":[{"id":2685,"href":"https:\/\/yoruehmer.de\/home\/wp-json\/wp\/v2\/pages\/886\/revisions\/2685"}],"wp:attachment":[{"href":"https:\/\/yoruehmer.de\/home\/wp-json\/wp\/v2\/media?parent=886"}],"curies":[{"name":"wp","href":"https:\/\/api.w.org\/{rel}","templated":true}]}}